. Let v(y) = 29*y**2 + 11*y - 3. Let f(d) = 10*d**2 + 4*d - 1. Let w(r) = -11*f(r) + 4*v(r). Calculate w(l).
5
Let u(x) be the second derivative of -1/2*x**2 - 1/20*x**5 + 2/3*x**3 + 0 - 3*x + 1/3*x**4. Calculate u(5).
-6
Let t be (1 + 0)*(7 + -3). Suppose t = 2*h, 5*h = -2*s + 20 - 4. Let i(p) = p**2 - p - 4. What is i(s)?
2
Let z = 28 + -32. Let n(s) = s**2 + 3*s + 5. What is n(z)?
9
Let t(f) be the second derivative of -f**6/360 + f**5/40 - f**4/12 - f**3/3 + 5*f. Let l(h) be the second derivative of t(h). What is l(4)?
-6
Let m(v) be the third derivative of v**6/120 - v**5/60 - v**4/8 + v**3/3 + v**2. Let p(l) = l**3 + 11*l**2 + 9*l - 8. Let q be p(-10). What is m(q)?
0
Let j be (-24)/10 - 8/(-20). Let y = 5 + j. Let o(l) = -l. Let p(n) = n**2 - 2*n - 2. Let x(r) = 2*o(r) - p(r). Give x(y).
-7
Let f = -48/11 + 299/66. Let p(h) be the second derivative of -1/20*h**5 - 1/2*h**4 + 0 + 2*h + 2*h**2 + f*h**3. What is p(-6)?
-2
Let w(o) = -o - 1. Let t be w(-5). Suppose -s = -6*s + 60. Let c(v) = 8*v - 2 - s*v + 5*v. Determine c(t).
2
Let s(g) = -g**2 + 13*g**3 - 27*g**3 + 13*g**3 - 2. What is s(0)?
-2
Let r(g) be the first derivative of -2 - 4*g + 2*g**2 - 5*g**2 + g**2. Suppose s + 4*s = -15. Give r(s).
8
Let i(h) = -4*h + 15. Let g be i(5). Let b(t) = t + 7. Give b(g).
2
Let t(a) = 2*a + 2. Let o be 10/(0 - (-2 - 0)). Suppose o*r - 6 = 3*r. Let m = r + -1. Calculate t(m).
6
Let u(c) = 15 - 3 + 4*c - c. Let r(o) = -4*o - 13. Let a(z) = -5*r(z) - 6*u(z). Give a(6).
5
Let r(q) = -4 - 8*q + 0 + 1 + q**2. Let j be r(9). Let f(k) = k**3 - 7*k**2 + 6*k - 3. Determine f(j).
-3
Suppose -55*m - 5 = -54*m. Let y(p) = p**3 + 4*p**2 - 2*p + 4. Give y(m).
-11
Let f = 4 + 0. Suppose -q + 9 + 13 = f*x, 4*x - 26 = -3*q. Let v(c) be the third derivative of -c**5/60 + c**4/8 + 5*c**3/6 - 4*c**2. Give v(x).
-5
Let t = -5 + 7. Let u(o) = 2*o**t + 4*o**3 - 2*o + 1 - 15*o**3 + 3*o**3. Determine u(1).
-7
Let s = -3 + 4. Let q(u) = -9*u + 16*u - u + s - 7*u. Give q(5).
-4
Let s(m) = -17*m**2 - 5*m + 45*m**2 + 4 - 13*m**2 - 16*m**2. What is s(-6)?
-2
Let u(w) = w + 1. Let s(x) = 3*x + 3. Let q(j) = -2*s(j) + 5*u(j). Calculate q(-7).
6
Let r be 6*(3 - 2)*-1. Let h(q) = q**3 + q**2 - q + 1. Let v(k) = -7*k**3 - 7*k**2 + 10*k - 3. Let l(d) = r*h(d) - v(d). What is l(-2)?
1
Let v(q) = -q + 7. Let o be v(5). Let m(n) = o*n - n + 2*n**2 - 8*n**2. Suppose -118 = -2*f - 116. Give m(f).
-5
Let z(f) = 2*f + 2. Let l(y) = y. Let j(p) = 4*l(p) - z(p). Let x(n) = n. Let a(q) = j(q) - x(q). Let r(h) = -h + 2. Let u be r(2). Give a(u).
-2
Let z = 0 - -1. Let k(j) = j**2 - j - 1. Let w(a) = -4*a - 5. Let l(n) = 5*k(n) - w(n). Determine l(z).
4
Let a = -5 + 8. Let k(h) = 3*h**2 - 4*h**2 - a*h**3 + 0*h**2 + 0*h**2. What is k(1)?
-4
Let y = 18 + -14. Let g(j) be the third derivative of 5/24*j**y + 0 + 1/60*j**5 + 0*j + j**2 - j**3. Determine g(-5).
-6
Let t be 2/(-10) - 6/(-30). Let s(a) = 3*a + a**3 + 5*a**2 - 1 + 0*a**3 + t*a**3. Give s(-4).
3
Let a(o) be the first derivative of o**6/360 + o**5/30 + o**4/6 + 5*o**3/3 - 3. Let l(j) be the third derivative of a(j). Determine l(-4).
4
Suppose 0*i = 2*i. Let o = 2 - -2. Let n(t) = 3*t**2 - o*t**2 + 2*t + 9 - t. Give n(i).
9
Let b = -21 - -22. Let v(y) = 7*y**2 + y. What is v(b)?
8
Let b(m) be the first derivative of -5*m**2/2 + m - 6. Let v(p) = -p - 15. Let r be v(-16). Determine b(r).
-4
Let z be (-4 - -4)/(-2 + 0). Suppose z = 2*j, -d + 4 = 5*j + 7. Let u(h) = h**3 + h**2 - 3*h + 2. What is u(d)?
-7
Let z(q) = q**3 - 2*q**2 - q - 4. Let s be z(3). Let d(o) = o**3 - 2*o**3 + 13 - 2*o - 6*o**s - 19. Determine d(-6).
6
Let f(w) be the first derivative of -w**3 - 3*w**2/2 + 3*w - 6. Give f(2).
-15
Let i be (-8)/(-5 - -4) - 4. Let a(y) = 3*y - 6. What is a(i)?
6
Let n(t) = -3*t + 4. Let g be 0/2 + 0 + 2. Suppose -3*c + 2*v = 1 - g, c = 5*v - 17. What is n(c)?
-5
Let j be (-1)/(4/(-18)) + 16/32. Let p(d) = -d**3 + 5*d**2 - d + 2. What is p(j)?
-3
Let q(f) = 1 + 2 + 39*f - 40*f. What is q(0)?
3
Let b(g) = -37*g + 3 - 1 + 36*g. Let u be 6/(-2)*5/(-3). What is b(u)?
-3
Let p(d) = 2*d - 7. Let b be p(5). Let t(q) be the first derivative of 2*q - 1/3*q**b + 1 + 3/2*q**2. What is t(4)?
-2
Let b(r) = -11*r + 2*r + 8*r + 0*r - 6. Give b(0).
-6
Let x(l) = -l + 4. Let w be x(6). Let z(k) = -k**2 - 8*k - 4. Let b(g) = -4*g**2 - 25*g - 11. Let y(o) = w*b(o) + 7*z(o). Calculate y(6).
-6
Let m = -5 - -8. Suppose -m*i - 10 = -5*i, -3*h = 5*i - 22. Let s(q) be the third derivative of q**5/60 - q**4/24 - q**3/6 + q**2. Give s(h).
1
Let v = -3 + -1. Let z(k) = -3*k**2 - 4*k - 7. Let r(y) = 16*y**2 + 19*y + 36. Let i(n) = -2*r(n) - 11*z(n). Give i(v).
-3
Let b(a) = 4*a**2 + 0*a**2 + 4*a + 3*a - 1 - 3*a**2. Give b(-6).
-7
Suppose h = -3*x - 23, x - 3*h = -8 - 3. Let f = -4 - x. Let c(j) = -2*j**2 + 2*j**2 - 2*j**2 - 5*j + 3*j**2 + f. What is c(5)?
4
Let g = -10 - -10. Let t(o) = -o + 6. What is t(g)?
6
Let r(x) = -3*x**2 + 1 - 1 + x. Let h be -6*2/(-24)*2. What is r(h)?
-2
Let d(t) be the second derivative of 3*t**5/20 - t**4/6 + t**3/3 - 3*t**2/2 - 28*t. Determine d(2).
17
Let j(y) = y - y**2 - 2 - 8*y + 4. Let t(a) = -a**3 + 6*a**2 - 5*a + 6. Let u be t(5). Let w be (-2 + 6)/(-4)*u. Give j(w).
8
Let g(d) = d**2 + 6*d + 5. Suppose -12 = q - 6. Give g(q).
5
Let f(z) = -z**3 - 3*z**2 + 1. Suppose q = 2*c - 39, 4*c - q - 68 = 3*q. Suppose 3*s + c = -4*g, 4*s + g + 8 + 4 = 0. Determine f(s).
-3
Let k(q) = 4*q + 3*q + 204 + q**2 - 199. Give k(-7).
5
Let j(s) = s - 2. Let v(d) = d - 2. Let x(b) = -6*j(b) + 5*v(b). Suppose -9*w = -17*w + 40. What is x(w)?
-3
Let g = -33 + 33. Let c(h) be the third derivative of 1/6*h**4 + 0*h + 0 + g*h**3 + h**2. Determine c(1).
4
Let b(z) = 7*z**2 - 14*z - 5. Let l(c) = -4*c**2 + 7*c + 3. Let h(i) = 3*b(i) + 5*l(i). Determine h(7).
0
Let v(k) = -2*k + 3 - k**3 - 2*k + 2*k + 4*k**2. Suppose 5*n + 0*n = -5*j + 5, 0 = 4*n + 8. Determine v(j).
6
Let i(g) = -g**3 - g**2 + 1. Let t(y) = y**3 - 5*y**2 - 7*y - 6. Let s(a) = 2*i(a) + t(a). What is s(-6)?
2
Let t(n) = n - 10. Let j(y) = -y**3 - y**2 + 5*y + 5. Let s be j(-3). What is t(s)?
-2
Let n(v) = -4 + 3*v**2 + v**3 - 4*v**3 - 5 + 10 - v. Calculate n(2).
-13
Suppose 2*y - 3 + 11 = 0. Let n(a) = -a**2 - 5*a - 5. What is n(y)?
-1
Let s(y) be the second derivative of y**4/12 + 2*y**3/3 + y**2/2 + 13*y. Determine s(-3).
-2
Suppose 0 = -0*g - 2*g + 8. Suppose 2*r - 1 = -f, g = -5*r + 4*f - 0. Let i(o) = o**3 - o**2 - o - 3. Give i(r).
-3
Let n(r) be the first derivative of r + 1/3*r**3 + 4 + 3*r**2. Calculate n(-4).
-7
Let x(h) be the second derivative of h**3/2 - h**2/2 - h. Let m be x(1). Let o(r) = 1 - m + 1 + 4*r. What is o(2)?
8
Let i(v) = -4*v + 7. Let o(r) = 7*r - 13. Let c(f) = -5*i(f) - 3*o(f). What is c(-6)?
10
Let w(d) = 2*d - 2. Let b(x) = 3*x - 8. Let s be b(4). Calculate w(s).
6
Suppose 6*a = 2*a - 8. Let k(o) be the second derivative of 7*o**3/6 + o**2 - 39*o - 1. What is k(a)?
-12
Let w(i) = -16*i + 8*i + 12*i. Suppose 0*z = -2*z + 12. Let j be 2/z*3*1. Give w(j).
4
Let h(y) = -2*y**2 - 1. Suppose -3 = -0*f - f. Suppose f + 9 = 3*u. Suppose -s + i = -2 - u, -4*s + 9 = -i. Calculate h(s).
-3
Let h(m) = 9*m - 4 - 3 + 1 - 4*m + m**2. Let z be -3 + -3 + (-1 - -4). Let s = -3 + z. Calculate h(s).
0
Suppose -4*w - 2 + 34 = 0. Let d(p) = -7*p**3 - 2*p**2 - 5*p - 5. Let q(c) = -11*c**3 - 3*c**2 - 8*c - 8. Let o(g) = w*d(g) - 5*q(g). What is o(-1)?
0
Let z(f) be the second derivative of f**3/6 - f**2/2 + f. Let k = 48 - 51. Determine z(k).
-4
Let l(j) = 5*j**2 - 2*j + 2. Let o(s) = 11*s**2 - 3*s + 4. Let p(n) = -9*l(n) + 4*o(n). Calculate p(6).
-2
Let l = -5 + 13. Let w(g) = g - 2. What is w(l)?
6
Let y(p) = 4*p + 1. Let f = -5 + 7. Determine y(f).
9
Let t(a) be the second derivative of a**4/12 - 5*a**3/6 + 2*a**2 - 2*a - 125. Let f = -1 - -5. Calculate t(f).
0
Suppose -2*q + 2 = -w - 15, -w = 4*q - 25. Let x(y) = y**3 - 8*y**2 + 7*y - 8. Give x(q).
-8
Let x(k) = -2*k + 4. Suppose -4*y = 3*j - 17, 5*y + 5*j + 2 = 22. What is x(y)?
-6
Let p(n) be the second derivative of -n + 0 + 1/20*n**5 + 0*n**2 - 1/3*n**3 + 0*n**4. Suppose 4*j - 5*y - 8 = 0, j + 4*j - 10 = 2*y. Calculate p(j).
4
Let p be (1 + -1)/(10/(-10)). Let m(d) be the third derivative of 1/60*d**5 - 2*d**2 + 0 + p*d - 1/